[INFO] cloning repository https://github.com/xfcisco/jeff.rs
[INFO] running `Command { std: "git" "-c" "credential.helper=" "-c" "credential.helper=/workspace/cargo-home/bin/git-credential-null" "clone" "--bare" "https://github.com/xfcisco/jeff.rs" "/workspace/cache/git-repos/https%3A%2F%2Fgithub.com%2Fxfcisco%2Fjeff.rs", kill_on_drop: false }`
[INFO] [stderr] Cloning into bare repository '/workspace/cache/git-repos/https%3A%2F%2Fgithub.com%2Fxfcisco%2Fjeff.rs'...
[INFO] running `Command { std: "git" "rev-parse" "HEAD", kill_on_drop: false }`
[INFO] [stdout] 5cb86fb8076f7aac375780ad2e722004ae7f6231
[INFO] building xfcisco/jeff.rs against master#881c1ac408d93bb7adaa3a51dabab9266e82eee8 for issue-85264
[INFO] running `Command { std: "git" "clone" "/workspace/cache/git-repos/https%3A%2F%2Fgithub.com%2Fxfcisco%2Fjeff.rs" "/workspace/builds/worker-4/source", kill_on_drop: false }`
[INFO] [stderr] Cloning into '/workspace/builds/worker-4/source'...
[INFO] [stderr] done.
[INFO] validating manifest of git repo https://github.com/xfcisco/jeff.rs on toolchain 881c1ac408d93bb7adaa3a51dabab9266e82eee8
[INFO] running `Command { std: "/workspace/cargo-home/bin/cargo" "+881c1ac408d93bb7adaa3a51dabab9266e82eee8" "metadata" "--manifest-path" "Cargo.toml" "--no-deps", kill_on_drop: false }`
[INFO] started tweaking git repo https://github.com/xfcisco/jeff.rs
[INFO] finished tweaking git repo https://github.com/xfcisco/jeff.rs
[INFO] tweaked toml for git repo https://github.com/xfcisco/jeff.rs written to /workspace/builds/worker-4/source/Cargo.toml
[INFO] crate git repo https://github.com/xfcisco/jeff.rs already has a lockfile, it will not be regenerated
[INFO] running `Command { std: "/workspace/cargo-home/bin/cargo" "+881c1ac408d93bb7adaa3a51dabab9266e82eee8" "fetch" "--manifest-path" "Cargo.toml", kill_on_drop: false }`
[INFO] [stderr]  Downloading crates ...
[INFO] [stderr]   Downloaded hyper v0.14.5
[INFO] [stderr]   Downloaded input_buffer v0.3.1
[INFO] [stderr]   Downloaded async-tungstenite v0.11.0
[INFO] [stderr]   Downloaded futures-channel v0.3.14
[INFO] [stderr]   Downloaded http-body v0.4.1
[INFO] [stderr]   Downloaded webpki-roots v0.20.0
[INFO] [stderr]   Downloaded futures-macro v0.3.14
[INFO] [stderr]   Downloaded futures-sink v0.3.14
[INFO] [stderr]   Downloaded async-trait v0.1.49
[INFO] [stderr]   Downloaded typemap_rev v0.1.5
[INFO] [stderr]   Downloaded tungstenite v0.11.1
[INFO] [stderr]   Downloaded wasm-bindgen-backend v0.2.73
[INFO] [stderr]   Downloaded httparse v1.3.6
[INFO] [stderr]   Downloaded web-sys v0.3.50
[INFO] [stderr]   Downloaded tokio v1.5.0
[INFO] [stderr]   Downloaded serenity v0.10.5
[INFO] [stderr]   Downloaded sct v0.6.1
[INFO] [stderr]   Downloaded futures-core v0.3.14
[INFO] [stderr]   Downloaded tokio-util v0.6.6
[INFO] [stderr]   Downloaded wasm-bindgen-futures v0.4.23
[INFO] [stderr]   Downloaded ring v0.16.20
[INFO] [stderr]   Downloaded js-sys v0.3.50
[INFO] [stderr]   Downloaded wasm-bindgen-macro v0.2.73
[INFO] [stderr]   Downloaded futures v0.3.14
[INFO] [stderr]   Downloaded futures-util v0.3.14
[INFO] [stderr]   Downloaded futures-io v0.3.14
[INFO] [stderr]   Downloaded futures-task v0.3.14
[INFO] [stderr]   Downloaded wasm-bindgen v0.2.73
[INFO] [stderr]   Downloaded webpki-roots v0.21.1
[INFO] [stderr]   Downloaded wasm-bindgen-shared v0.2.73
[INFO] [stderr]   Downloaded wasm-bindgen-macro-support v0.2.73
[INFO] running `Command { std: "docker" "create" "-v" "/var/lib/crater-agent-workspace/builds/worker-4/target:/opt/rustwide/target:rw,Z" "-v" "/var/lib/crater-agent-workspace/builds/worker-4/source:/opt/rustwide/workdir:ro,Z" "-v" "/var/lib/crater-agent-workspace/cargo-home:/opt/rustwide/cargo-home:ro,Z" "-v" "/var/lib/crater-agent-workspace/rustup-home:/opt/rustwide/rustup-home:ro,Z" "-e" "SOURCE_DIR=/opt/rustwide/workdir" "-e" "CARGO_TARGET_DIR=/opt/rustwide/target" "-e" "CARGO_HOME=/opt/rustwide/cargo-home" "-e" "RUSTUP_HOME=/opt/rustwide/rustup-home" "-w" "/opt/rustwide/workdir" "-m" "1610612736" "--user" "0:0" "--network" "none" "ghcr.io/rust-lang/crates-build-env/linux@sha256:20528e8c29e4536546f0102ce88568b16ea7538393a33fcca951030f7af10457" "/opt/rustwide/cargo-home/bin/cargo" "+881c1ac408d93bb7adaa3a51dabab9266e82eee8" "metadata" "--no-deps" "--format-version=1", kill_on_drop: false }`
[INFO] [stdout] 4d6a11e3cc8afc30f6fd766fd6db0e37fd24d92fb9efd604f2a8614501689e4c
[INFO] [stderr] WARNING: Your kernel does not support swap limit capabilities or the cgroup is not mounted. Memory limited without swap.
[INFO] running `Command { std: "docker" "start" "-a" "4d6a11e3cc8afc30f6fd766fd6db0e37fd24d92fb9efd604f2a8614501689e4c", kill_on_drop: false }`
[INFO] running `Command { std: "docker" "inspect" "4d6a11e3cc8afc30f6fd766fd6db0e37fd24d92fb9efd604f2a8614501689e4c", kill_on_drop: false }`
[INFO] running `Command { std: "docker" "rm" "-f" "4d6a11e3cc8afc30f6fd766fd6db0e37fd24d92fb9efd604f2a8614501689e4c", kill_on_drop: false }`
[INFO] [stdout] 4d6a11e3cc8afc30f6fd766fd6db0e37fd24d92fb9efd604f2a8614501689e4c
[INFO] running `Command { std: "docker" "create" "-v" "/var/lib/crater-agent-workspace/builds/worker-4/target:/opt/rustwide/target:rw,Z" "-v" "/var/lib/crater-agent-workspace/builds/worker-4/source:/opt/rustwide/workdir:ro,Z" "-v" "/var/lib/crater-agent-workspace/cargo-home:/opt/rustwide/cargo-home:ro,Z" "-v" "/var/lib/crater-agent-workspace/rustup-home:/opt/rustwide/rustup-home:ro,Z" "-e" "SOURCE_DIR=/opt/rustwide/workdir" "-e" "CARGO_TARGET_DIR=/opt/rustwide/target" "-e" "CARGO_INCREMENTAL=0" "-e" "RUST_BACKTRACE=full" "-e" "RUSTFLAGS=--cap-lints=forbid" "-e" "CARGO_HOME=/opt/rustwide/cargo-home" "-e" "RUSTUP_HOME=/opt/rustwide/rustup-home" "-w" "/opt/rustwide/workdir" "-m" "1610612736" "--user" "0:0" "--network" "none" "ghcr.io/rust-lang/crates-build-env/linux@sha256:20528e8c29e4536546f0102ce88568b16ea7538393a33fcca951030f7af10457" "/opt/rustwide/cargo-home/bin/cargo" "+881c1ac408d93bb7adaa3a51dabab9266e82eee8" "build" "--frozen" "--message-format=json", kill_on_drop: false }`
[INFO] [stdout] 5d7f22363b7db611d4a5d3e6cae21597b21713c38886695387bf02e6caf40ef5
[INFO] [stderr] WARNING: Your kernel does not support swap limit capabilities or the cgroup is not mounted. Memory limited without swap.
[INFO] running `Command { std: "docker" "start" "-a" "5d7f22363b7db611d4a5d3e6cae21597b21713c38886695387bf02e6caf40ef5", kill_on_drop: false }`
[INFO] [stderr]    Compiling libc v0.2.93
[INFO] [stderr]    Compiling unicode-xid v0.2.1
[INFO] [stderr]    Compiling autocfg v1.0.1
[INFO] [stderr]    Compiling syn v1.0.69
[INFO] [stderr]    Compiling cfg-if v1.0.0
[INFO] [stderr]    Compiling log v0.4.14
[INFO] [stderr]    Compiling version_check v0.9.3
[INFO] [stderr]    Compiling pin-project-lite v0.2.6
[INFO] [stderr]    Compiling cc v1.0.67
[INFO] [stderr]    Compiling bytes v1.0.1
[INFO] [stderr]    Compiling once_cell v1.7.2
[INFO] [stderr]    Compiling proc-macro-hack v0.5.19
[INFO] [stderr]    Compiling itoa v0.4.7
[INFO] [stderr]    Compiling proc-macro-nested v0.1.7
[INFO] [stderr]    Compiling fnv v1.0.7
[INFO] [stderr]    Compiling typenum v1.13.0
[INFO] [stderr]    Compiling matches v0.1.8
[INFO] [stderr]    Compiling getrandom v0.1.16
[INFO] [stderr]    Compiling serde_derive v1.0.125
[INFO] [stderr]    Compiling httparse v1.3.6
[INFO] [stderr]    Compiling pin-utils v0.1.0
[INFO] [stderr]    Compiling tinyvec_macros v0.1.0
[INFO] [stderr]    Compiling slab v0.4.2
[INFO] [stderr]    Compiling percent-encoding v2.1.0
[INFO] [stderr]    Compiling serde v1.0.125
[INFO] [stderr]    Compiling lazy_static v1.4.0
[INFO] [stderr]    Compiling base64 v0.13.0
[INFO] [stderr]    Compiling ryu v1.0.5
[INFO] [stderr]    Compiling hashbrown v0.9.1
[INFO] [stderr]    Compiling ppv-lite86 v0.2.10
[INFO] [stderr]    Compiling crc32fast v1.2.1
[INFO] [stderr]    Compiling encoding_rs v0.8.28
[INFO] [stderr]    Compiling opaque-debug v0.3.0
[INFO] [stderr]    Compiling serde_json v1.0.64
[INFO] [stderr]    Compiling bytes v0.5.6
[INFO] [stderr]    Compiling httpdate v0.3.2
[INFO] [stderr]    Compiling cpuid-bool v0.1.2
[INFO] [stderr]    Compiling adler v1.0.2
[INFO] [stderr]    Compiling mime v0.3.16
[INFO] [stderr]    Compiling async-trait v0.1.49
[INFO] [stderr]    Compiling bitflags v1.2.1
[INFO] [stderr]    Compiling byteorder v1.4.3
[INFO] [stderr]    Compiling utf-8 v0.7.5
[INFO] [stderr]    Compiling serenity v0.10.5
[INFO] [stderr]    Compiling unicode-bidi v0.3.5
[INFO] [stderr]    Compiling tinyvec v1.2.0
[INFO] [stderr]    Compiling tracing-core v0.1.17
[INFO] [stderr]    Compiling form_urlencoded v1.0.1
[INFO] [stderr]    Compiling proc-macro2 v1.0.26
[INFO] [stderr]    Compiling generic-array v0.14.4
[INFO] [stderr]    Compiling unicase v2.6.0
[INFO] [stderr]    Compiling tokio v1.5.0
[INFO] [stderr]    Compiling indexmap v1.6.2
[INFO] [stderr]    Compiling num-traits v0.2.14
[INFO] [stderr]    Compiling num-integer v0.1.44
[INFO] [stderr]    Compiling miniz_oxide v0.4.4
[INFO] [stderr]    Compiling input_buffer v0.3.1
[INFO] [stderr]    Compiling http v0.2.4
[INFO] [stderr]    Compiling want v0.3.0
[INFO] [stderr]    Compiling mime_guess v2.0.3
[INFO] [stderr]    Compiling num_cpus v1.13.0
[INFO] [stderr]    Compiling mio v0.7.11
[INFO] [stderr]    Compiling socket2 v0.4.0
[INFO] [stderr]    Compiling time v0.1.44
[INFO] [stderr]    Compiling quote v1.0.9
[INFO] [stderr]    Compiling flate2 v1.0.20
[INFO] [stderr]    Compiling rand_core v0.5.1
[INFO] [stderr]    Compiling ring v0.16.20
[INFO] [stderr]    Compiling dashmap v4.0.2
[INFO] [stderr]    Compiling unicode-normalization v0.1.17
[INFO] [stderr]    Compiling rand_chacha v0.2.2
[INFO] [stderr]    Compiling rand v0.7.3
[INFO] [stderr]    Compiling digest v0.9.0
[INFO] [stderr]    Compiling block-buffer v0.9.0
[INFO] [stderr]    Compiling sha-1 v0.9.4
[INFO] [stderr]    Compiling idna v0.2.2
[INFO] [stderr]    Compiling url v2.2.1
[INFO] [stderr]    Compiling http-body v0.4.1
[INFO] [stderr]    Compiling webpki v0.21.4
[INFO] [stderr]    Compiling sct v0.6.1
[INFO] [stderr]    Compiling tungstenite v0.11.1
[INFO] [stderr]    Compiling rustls v0.19.0
[INFO] [stderr]    Compiling webpki-roots v0.21.1
[INFO] [stderr]    Compiling webpki-roots v0.20.0
[INFO] [stderr]    Compiling tokio-macros v1.1.0
[INFO] [stderr]    Compiling futures-macro v0.3.14
[INFO] [stderr]    Compiling pin-project-internal v1.0.6
[INFO] [stderr]    Compiling tracing-attributes v0.1.15
[INFO] [stderr]    Compiling futures-util v0.3.14
[INFO] [stderr]    Compiling pin-project v1.0.6
[INFO] [stderr]    Compiling tracing v0.1.25
[INFO] [stderr]    Compiling futures v0.3.14
[INFO] [stderr]    Compiling tokio-util v0.6.6
[INFO] [stderr]    Compiling tokio-rustls v0.22.0
[INFO] [stderr]    Compiling async-tungstenite v0.11.0
[INFO] [stderr]    Compiling h2 v0.3.2
[INFO] [stderr]    Compiling serde_urlencoded v0.7.0
[INFO] [stderr]    Compiling chrono v0.4.19
[INFO] [stderr]    Compiling hyper v0.14.5
[INFO] [stderr]    Compiling hyper-rustls v0.22.1
[INFO] [stderr]    Compiling reqwest v0.11.3
[INFO] [stderr]    Compiling main v0.1.0 (/opt/rustwide/workdir)
[INFO] [stdout] error[E0015]: calls in statics are limited to constant functions, tuple structs and tuple variants
[INFO] [stdout]   --> src/jeff.rs:12:50
[INFO] [stdout]    |
[INFO] [stdout] 12 | static mut FetchTable: DashMap<UserId, String> = DashMap::<UserId, String>::new();
[INFO] [stdout]    |                                                  ^^^^^^^^^^^^^^^^^^^^^^^^^^^^^^^^
[INFO] [stdout] 
[INFO] [stdout] 
[INFO] [stdout] error[E0133]: use of mutable static is unsafe and requires unsafe function or block
[INFO] [stdout]   --> src/jeff.rs:38:31
[INFO] [stdout]    |
[INFO] [stdout] 38 |                 let img_url = FetchTable.get(&msg.author.id).unwrap();
[INFO] [stdout]    |                               ^^^^^^^^^^ use of mutable static
[INFO] [stdout]    |
[INFO] [stdout]    = note: mutable statics can be mutated by multiple threads: aliasing violations or data races will cause undefined behavior
[INFO] [stdout] 
[INFO] [stdout] 
[INFO] [stdout] error[E0133]: use of mutable static is unsafe and requires unsafe function or block
[INFO] [stdout]   --> src/jeff.rs:49:17
[INFO] [stdout]    |
[INFO] [stdout] 49 |                 FetchTable.insert(msg.author.id, url.to_string());
[INFO] [stdout]    |                 ^^^^^^^^^^ use of mutable static
[INFO] [stdout]    |
[INFO] [stdout]    = note: mutable statics can be mutated by multiple threads: aliasing violations or data races will cause undefined behavior
[INFO] [stdout] 
[INFO] [stdout] 
[INFO] [stdout] error: aborting due to 3 previous errors
[INFO] [stdout] 
[INFO] [stdout] 
[INFO] [stdout] Some errors have detailed explanations: E0015, E0133.
[INFO] [stdout] 
[INFO] [stdout] For more information about an error, try `rustc --explain E0015`.
[INFO] [stdout] 
[INFO] [stderr] error: could not compile `main`
[INFO] [stderr] 
[INFO] [stderr] To learn more, run the command again with --verbose.
[INFO] running `Command { std: "docker" "inspect" "5d7f22363b7db611d4a5d3e6cae21597b21713c38886695387bf02e6caf40ef5", kill_on_drop: false }`
[INFO] running `Command { std: "docker" "rm" "-f" "5d7f22363b7db611d4a5d3e6cae21597b21713c38886695387bf02e6caf40ef5", kill_on_drop: false }`
[INFO] [stdout] 5d7f22363b7db611d4a5d3e6cae21597b21713c38886695387bf02e6caf40ef5
